7 - -4328. What is the units digit of o?
5
Suppose 18 = -19*k + 151. Suppose k*j - 616 = 3388. What is the tens digit of j?
7
Let v(m) = 8*m + 0*m**2 - 24 - 3*m**2 - m**2 + 6*m**2. Let i be v(-12). Suppose i = 6*j - 150. What is the tens digit of j?
5
Let z be -4*2*(4 + (-3802)/8). Suppose 6*a + 7*a - z = 0. What is the units digit of a?
0
Suppose -3*x = -137 + 101. What is the tens digit of (-4)/x + (-1303)/(-3)?
3
Let c = 739 + 6110. What is the units digit of c?
9
Suppose -5*n - 336 = -61. Let y = n - -53. What is the units digit of y*(-831)/18 - (-7)/(-21)?
2
Let w(j) = 23*j - 22. Let f be w(4). Let n = -67 + f. Suppose n*g + 4*r - 802 + 219 = 0, 0 = 4*g - 2*r - 814. What is the units digit of g?
1
Let x = 23413 - 10102. What is the hundreds digit of x?
3
What is the thousands digit of (-223)/(3*4/(-384))?
7
Let k(v) = v**3 + v**2 - 6*v - 6. Let u be k(-4). Let n be 4 + (-5)/(25/u). Suppose -365 = 5*a - n*a. What is the units digit of a?
3
Suppose -11*l + 264451 = 18*l. What is the tens digit of l?
1
Let a be (-4 - (-1 + 132/2)) + 0. Let z be (-615 - 0)*46/a. Suppose -74 = -4*i + z. What is the units digit of i?
1
Suppose 499726 = -146*o + 1294696. What is the hundreds digit of o?
4
Suppose 4*i - 5*i = 4. Let d be ((520/(-1))/i)/1. Let z = d - -15. What is the hundreds digit of z?
1
Suppose 846 = 8*v - 3506. Let l = 837 - v. What is the tens digit of l?
9
Suppose 108*k + 440*k - 18382491 = 55*k. What is the hundreds digit of k?
2
Suppose 4*o - 2*o - 18 = 0. Let l be 10592/36 + (-2)/o. What is the tens digit of ((-4)/2)/((-7)/l)?
8
Let n(f) = -f**3 + 9*f**2 + 29*f + 48. Let s be n(12). What is the units digit of (-300)/(-8)*(-108)/(s/6)?
5
Let q(a) = -7*a**2 - 11*a - 21. Let u(b) = -11*b - 2*b**2 - 10 + 0 - 4*b**2 - 11. Let c(s) = 4*q(s) - 5*u(s). What is the units digit of c(-8)?
1
Suppose 23*y = -21*y - 8669 + 487785. What is the thousands digit of y?
0
Let p(m) = 3*m**2 + 9 - 4 - 2*m**2 - 6 + m**3 + 2*m. Let k be p(0). Let g = k - -26. What is the units digit of g?
5
Suppose 107*f - 137280 = 91*f. What is the units digit of f?
0
Let s(w) be the first derivative of 24*w**2 + 289*w + 157. What is the hundreds digit of s(5)?
5
Suppose -y - 440 = 3*g - 25958, -5*y + 2*g + 127488 = 0. What is the hundreds digit of y?
5
Let o be 10894/39*(-4 + 1) + -2. Let y = o - -1545. What is the tens digit of y?
0
Let t(o) = -o**3 - 30*o**2 + 54*o + 12. Let d be t(-31). Let f = 1840 + d. What is the hundreds digit of f?
1
Let r = 1397 + -407. Suppose 5*g = 2665 + r. What is the units digit of g?
1
Let u(n) = -21*n**2 - n + 2. Let t be u(-1). Let b(z) = -52*z - 101. What is the units digit of b(t)?
5
Suppose -w + 3*g + 22 = 0, -5*w - 4*g + 0 = -72. Let a = w + -11. Suppose 3*z = -2*v + 256, a*z - 2*v - 293 = 139. What is the tens digit of z?
8
Suppose 36665 = 10*i + 6665. Let f = i + -2031. What is the tens digit of f?
6
Suppose m - 58565 = -x, 24*x - 5*m - 175719 = 21*x. What is the units digit of x?
8
Let z = -173 - -177. Suppose -z*w + 2*l = -1024 - 190, -5*l + 287 = w. What is the tens digit of w?
0
Suppose 2*v = 1387 - 1377. Suppose v*h + 17 + 0 = p, 3*h + 41 = 2*p. What is the tens digit of p?
2
Let u(g) = -615*g + 413. What is the units digit of u(-16)?
3
Suppose 114*b = 116*b - 136. Suppose -b = -4*l + 4*s, 0 = l - 4*s - 0 - 5. What is the units digit of l?
1
Let f = -25 - 6. Let i = 32 - f. Suppose 3*w - 5*y - 856 + i = 0, 2*w - 3*y = 527. What is the hundreds digit of w?
2
Let x = 6611 + 184. Suppose -110*t + x = -101*t. What is the hundreds digit of t?
7
Let b(r) = 23*r**2 - 4*r + 10. Let l be b(2). Suppose 99*y = l*y + 6925. What is the units digit of y?
5
Let f be (-2 - 0)/(18/(-27)). Suppose f*m + 3*b - 39 = -9, 0 = -5*m - b + 66. Let p(u) = u**3 - 13*u**2 - 11*u + 29. What is the units digit of p(m)?
1
Suppose -134*p + 513004 = -2088252 + 252236. What is the ten thousands digit of p?
1
Let d be 133/38 + 3/12*2. Suppose m + 2*t = 113, d*m - 194 = -3*t + 253. What is the tens digit of m?
1
Let m be (1 - 570/5) + -4 - -1. Let o = m - -299. What is the hundreds digit of o?
1
Let a = 824 + -304. Suppose -3*g + g + 680 = 3*i, 2*g - 680 = 5*i. Let f = a - g. What is the hundreds digit of f?
1
Let f = 71 - 112. Let y(j) = j**2 + 64. Let t be y(0). Let u = f + t. What is the tens digit of u?
2
Suppose 0 = -8*z - 94*z - 35*z + 5708516. What is the ten thousands digit of z?
4
Suppose -2*u + 72 - 18 = 0. Suppose 2*k - u = 15. What is the units digit of k?
1
What is the units digit of (-4340)/60*106*(-108)/21?
2
Suppose 15*v - 55237 = 3972 + 5846. What is the units digit of v?
7
Suppose 5*y = -5*u + 3400, -5*u + 22 = 3*y - 2018. Let i = 74 + y. What is the tens digit of i?
5
Let y(o) = 2*o**3 + o**2 - 13*o - 12. Let d be y(5). Suppose 0 = 2*n - d + 26. What is the tens digit of n?
8
Suppose -4*y = 8*y + 708. Let q = y - -57. What is the hundreds digit of (-2110)/(-20) - (-3)/q?
1
Let q(h) = -3*h**3 - 57*h**2 + 17*h - 34. What is the thousands digit of q(-21)?
2
Let i(z) = 3*z - z - 3*z + 2*z - 9. Let n be i(13). Suppose -2*f - 550 = -n*p, 2*f = -0 + 2. What is the units digit of p?
8
Suppose 3*y - 5*g = 24026, 0 = 2*y - g - 21004 + 4996. What is the units digit of y?
2
Let x be 2 + -1 + (7 - 6). Suppose -x - 60 = -b. Suppose j = 2*y - b, 3*j = -0*j - 12. What is the units digit of y?
9
Let z(l) = 71*l**2 + 65*l + 44. What is the units digit of z(-10)?
4
Suppose -73*d + 861 = 3*y - 72*d, d = 2*y - 579. What is the tens digit of y?
8
Let j(u) = -28*u + 6. Let i be j(2). Let q be (-510)/i - (-2)/(-10). What is the tens digit of ((-384)/(-15))/(-1 - (-12)/q)?
2
Let p = -4231 - 990. Let t be (-2)/(-8) - 0 - p/92. Let z = t + -43. What is the units digit of z?
4
Let t(f) = -f**3 + 74*f**2 - 65*f + 632. What is the ten thousands digit of t(70)?
1
Let l(z) = -z**2 - z**2 - 657*z + 665*z + 10*z**3 + 4. What is the hundreds digit of l(3)?
2
Let o(s) = -s**3 - 7*s**2 + 13*s + 16. Let q be o(-8). Let p = 10 - 88. Let k = q - p. What is the units digit of k?
4
Let y(b) = -b**3 + 10*b**2 - 8*b + 16. Let f be y(9). Suppose -26 = -2*l - 4*i, f = -2*l + 2*i + 75. What is the tens digit of ((-2030)/l)/((-2)/3)?
4
Let p(s) = 226*s - 60*s + 30 - 59. What is the units digit of p(4)?
5
Let d = -13 + 7. Let y = 398 + d. What is the tens digit of y?
9
Let u = 83 - 61. Let h = u - -52. Let g = -51 + h. What is the units digit of g?
3
Let n be (1 - 3) + 3 + -18. Let q = -12 + 11. What is the units digit of n*(-5 - q) + 0?
8
Let t(j) be the second derivative of j**5/5 - 5*j**4/12 - j**3/6 + 4*j**2 - 4*j. Let i be t(6). What is the units digit of 46/(-69) - (i/(-3) - 2)?
0
Suppose 0*y - 22 = -3*a + 2*y, 0 = a + 2*y - 18. Let q(o) = -o**3 + 3*o**2 - 12*o - 2. Let u be q(a). What is the units digit of (-3)/(-2) - u/12?
0
What is the units digit of ((-107944)/48)/(-1) + -5 - (-15)/(-18)?
3
Suppose -744*t + 741*t = -8244. What is the units digit of t?
8
Let s(z) be the third derivative of -9*z**4/8 + z**3 + z**2. Let r = 154 - 157. What is the tens digit of s(r)?
8
Suppose -5*k - 5*d = -187580, 5*d + 38230 = 4*k - 111852. What is the ten thousands digit of k?
3
Suppose 4*t - 6909 = -a, 3*a - 7*a + 5*t + 27594 = 0. What is the hundreds digit of a?
9
Suppose 27444 = 1111*k - 1109*k. What is the tens digit of k?
2
Let b be 12/((14/(-84))/(2/(-12))). Suppose -3332 - 2260 = -b*f. What is the hundreds digit of f?
4
Suppose -566*s + 568*s + 4 = 0, -90502 = -4*i - 9*s. What is the hundreds digit of i?
6
Suppose 2*b = 0, -x + b - 6*b = -8147. What is the thousands digit of x?
8
Let w = -64136 + 106100. What is the tens digit of w?
6
Let d(v) = 10*v**2 + v + 49. Suppose -6*a + 3*a - 11 = -4*m, m - 4 = a. What is the units digit of d(a)?
4
Let t(b) = 15*b**2 + 14*b - 22. Let v be t(8). Suppose 0 = 4*l - 362 - v. What is the units digit of l?
3
Suppose 6*j + 72 = -54. Let o be (6/9)/((-2)/j). Let q(p) = 15*p + 15. What is the units digit of q(o)?
0
Let w = -987 + 397. Suppose -5 = -5*k - d + 1, -k + d = 0. What is the tens digit of (1/(-2))/(k*5/w)?
5
Let a = 10840 + -5768. What is the hundreds digit of a?
0
Let l be ((-2)/6)/((-78)/936). Suppose -5*s - 1069 = -o - l*s, -5*o - 2*s = -5380. What is the tens digit of o?
7
Let b(c) = -41*c**3 + 2*c**2 - 3*c - 6. What is the units digit of b(-6)?
